59 is divided by 233?
11
What is the remainder when 338352 is divided by 1332?
24
Calculate the remainder when 36724393 is divided by 355.
353
Calculate the remainder when 351527442 is divided by 1377.
1374
What is the remainder when 7171559 is divided by 12?
11
What is the remainder when 2144246 is divided by 121?
5
Calculate the remainder when 229136 is divided by 2760.
56
What is the remainder when 17824631 is divided by 966?
965
What is the remainder when 12481791 is divided by 38?
7
Calculate the remainder when 3614053 is divided by 4386.
4375
Calculate the remainder when 1070807 is divided by 13385.
7
What is the remainder when 8519447 is divided by 566?
15
Calculate the remainder when 597373 is divided by 85279.
420
What is the remainder when 31194 is divided by 14882?
1430
Calculate the remainder when 400003 is divided by 53.
12
Calculate the remainder when 1392534 is divided by 464176.
6
What is the remainder when 72927 is divided by 1616?
207
What is the remainder when 1483360 is divided by 93?
10
Calculate the remainder when 774681 is divided by 4998.
4989
Calculate the remainder when 1429937 is divided by 8360.
377
Calculate the remainder when 1560383 is divided by 104025.
8
Calculate the remainder when 82026 is divided by 4107.
3993
What is the remainder when 30150698 is divided by 100?
98
What is the remainder when 108856 is divided by 960?
376
What is the remainder when 3566137 is divided by 780?
757
What is the remainder when 45574 is divided by 44902?
672
What is the remainder when 30682118 is divided by 1125?
1118
What is the remainder when 8131 is divided by 659?
223
What is the remainder when 97311 is divided by 812?
683
Calculate the remainder when 207136 is divided by 22898.
1054
Calculate the remainder when 44548276 is divided by 4.
0
What is the remainder when 188299 is divided by 1316?
111
What is the remainder when 101719093 is divided by 435?
433
What is the remainder when 16466 is divided by 5582?
5302
Calculate the remainder when 41479 is divided by 13298.
1585
Calculate the remainder when 436410 is divided by 218172.
66
Calculate the remainder when 97028 is divided by 109.
18
Calculate the remainder when 35782 is divided by 11636.
874
What is the remainder when 1201816 is divided by 118?
104
What is the remainder when 133119947 is divided by 109?
100
Calculate the remainder when 908344 is divided by 164.
112
What is the remainder when 6446767 is divided by 581?
572
Calculate the remainder when 190193 is divided by 15.
8
What is the remainder when 159955 is divided by 407?
4
Calculate the remainder when 1894006 is divided by 194.
178
Calculate the remainder when 846381 is divided by 1183.
536
Calculate the remainder when 858969 is divided by 71566.
177
Calculate the remainder when 10723331 is divided by 3574300.
431
Calculate the remainder when 47459 is divided by 7122.
4727
What is the remainder when 464780 is divided by 1065?
440
What is the remainder when 1009702 is divided by 8?
6
What is the remainder when 175255 is divided by 21439?
3743
What is the remainder when 11817891 is divided by 3512?
11
Calculate the remainder when 1534172 is divided by 47898.
1436
Calculate the remainder when 6414322 is divided by 4019.
4017
Calculate the remainder when 706612 is divided by 1312.
756
Calculate the remainder when 977939 is divided by 325823.
470
Calculate the remainder when 1834211 is divided by 451.
445
What is the remainder when 77325 is divided by 2937?
963
Calculate the remainder when 5551817 is divided by 1850593.
38
What is the remainder when 325659 is divided by 81387?
111
What is the remainder when 2747568 is divided by 3036?
3024
What is the remainder when 265938305 is divided by 9225?
5
Calculate the remainder when 485892 is divided by 191.
179
Calculate the remainder when 37088622 is divided by 183.
12
Calculate the remainder when 47012190 is divided by 24.
6
Calculate the remainder when 44974217 is divided by 1287.
2
Calculate the remainder when 58866320 is divided by 15.
5
Calculate the remainder when 49256 is divided by 6071.
688
Calculate the remainder when 2116729 is divided by 20159.
34
Calculate the remainder when 595644865 is divided by 364.
361
What is the remainder when 33769079 is divided by 1710?
1709
Calculate the remainder when 866015 is divided by 5735.
30
Calculate the remainder when 19719732 is divided by 11780.
12
What is the remainder when 1580904 is divided by 184?
160
Calculate the remainder when 2072 is divided by 517.
4
What is the remainder when 6253905 is divided by 78?
21
Calculate the remainder when 341818 is divided by 784.
778
Calculate the remainder when 695176 is divided by 328.
144
Calculate the remainder when 69907992 is divided by 83.
80
Calculate the remainder when 20161 is divided by 6103.
1852
What is the remainder when 22979 is divided by 10847?
1285
Calculate the remainder when 580263 is divided by 115859.
968
What is the remainder when 244751 is divided by 44?
23
Calculate the remainder when 539015 is divided by 538574.
441
What is the remainder when 43069 is divided by 573?
94
Calculate the remainder when 10822976 is divided by 169.
47
Calculate the remainder when 2592673 is divided by 5787.
97
What is the remainder when 395113 is divided by 44?
37
What is the remainder when 41651 is divided by 5182?
195
What is the remainder when 945079 is divided by 945026?
53
What is the remainder when 28572926 is divided by 1272?
1262
What is the remainder when 11163 is divided by 320?
283
Calculate the remainder when 6335901 is divided by 802.
101
Calculate the remainder when 165008 is divided by 33.
8
Calculate the remainder when 4375854 is divided by 8.
6
Calculate the remainder when 11899920 is divided by 2379981.
15
Calculate the remainder when 14050809 is divided by 132.
69
Calculate the remainder when 317007 is divided by 155299.
6409
What is the remainder when 54167455 is divided by 605?
595
Calculate the remainder when 500869 is divided by 38.
29
What is the remainder when 807573 is divided by 215?
33
What is the remainder when 23368 is divided by 7409?
1141
What is the remainder when 15689 is divided by 7537?
615
What is the remainder when 514284 is divided by 837?
366
What is the remainder when 95181 is divided by 47590?
1
Calculate the remainder when 1202610 is divided by 1202240.
370
What is the remainder when 2154759 is divided by 259?
138
Calculate the remainder when 287122 is divided by 981.
670
Calculate the remainder when 13979743 is divided by 1271.
14
What is the remainder when 18695134 is divided by 45?
19
What is the remainder when 57878078 is divided by 2445?
38
What is the remainder when 169646927 is divided by 48?
47
Calculate the remainder when 404535702 is divided by 105.
102
Calculate the remainder when 154636 is divided by 772.
236
Calculate the remainder when 1266712 is divided by 15.
7
What is the remainder when 111295519 is divided by 25?
19
What is the remainder when 13918431 is divided by 11?
10
Calculate the remainder when 157263 is divided by 157258.
5
Calculate the remainder when 840837 is divided by 76438.
19
What is the remainder when 132823 is divided by 33203?
11
What is the remainder when 19465196 is divided by 7709?
7680
What is the remainder when 682655 is divided by 336?
239
What is the remainder when 3133164 is divided by 244?
204
What is the remainder when 2360338 is divided by 11630?
11078
What is the remainder when 103790 is divided by 33653?
2831
Calculate the remainder when 109576372 is divided by 65.
22
Calculate the remainder when 18259348 is divided by 18259330.
18
Calculate the remainder when 52479 is divided by 47556.
4923
What is the remainder when 7568535 is divided by 3580?
415
Calculate the remainder when 30130787 is divided by 1196.
1155
What is the remainder when 32432795 is divided by 8108198?
3
What is the remainder when 50218 is divided by 25011?
196
What is the remainder when 398445 is divided by 132105?
2130
Calculate the remainder when 143777 is divided by 20500.
277
What is the remainder when 57963573 is divided by 12?
9
What is the remainder when 1265282 is divided by 164?
22
Calculate the remainder when 507890 is divided by 840.
530
What is the remainder when 17296209 is divided by 40130?
179
What is the